ded by 2902?
2477
What is the remainder when 2813734 is divided by 466?
26
What is the remainder when 756500 is divided by 114?
110
Calculate the remainder when 565101 is divided by 491.
451
Calculate the remainder when 142725 is divided by 71303.
119
Calculate the remainder when 4044305 is divided by 59.
32
Calculate the remainder when 39608722 is divided by 4951089.
10
What is the remainder when 335896 is divided by 11567?
453
What is the remainder when 1350589 is divided by 8?
5
Calculate the remainder when 416104 is divided by 207970.
164
Calculate the remainder when 17812662 is divided by 30.
12
Calculate the remainder when 132726 is divided by 8281.
230
Calculate the remainder when 1152587 is divided by 52.
7
What is the remainder when 17252175 is divided by 5750576?
447
Calculate the remainder when 1247028 is divided by 5936.
468
Calculate the remainder when 1719026 is divided by 1056.
914
What is the remainder when 7183530 is divided by 49541?
85
What is the remainder when 1905512 is divided by 952688?
136
Calculate the remainder when 121941 is divided by 4016.
1461
What is the remainder when 3783110 is divided by 240?
230
What is the remainder when 29448294 is divided by 14724146?
2
What is the remainder when 222951 is divided by 3782?
3595
What is the remainder when 540823 is divided by 108161?
18
Calculate the remainder when 2079312 is divided by 345.
342
What is the remainder when 404646 is divided by 20207?
506
Calculate the remainder when 3645772 is divided by 56.
4
What is the remainder when 1053182 is divided by 16717?
11
What is the remainder when 852225 is divided by 901?
780
What is the remainder when 10113171 is divided by 1264142?
35
What is the remainder when 340111 is divided by 12?
7
Calculate the remainder when 108757 is divided by 21576.
877
Calculate the remainder when 99444 is divided by 99058.
386
What is the remainder when 3025718 is divided by 432238?
52
What is the remainder when 791548 is divided by 263754?
286
What is the remainder when 1949596 is divided by 20308?
28
Calculate the remainder when 1250781 is divided by 123.
117
What is the remainder when 14293 is divided by 10693?
3600
Calculate the remainder when 24365699 is divided by 24365595.
104
What is the remainder when 1059412 is divided by 37835?
32
Calculate the remainder when 22599940 is divided by 286075.
15
What is the remainder when 4800334 is divided by 369234?
292
What is the remainder when 27838651 is divided by 13919310?
31
Calculate the remainder when 2038358 is divided by 39.
23
What is the remainder when 109732769 is divided by 106952?
17
What is the remainder when 1028088 is divided by 85668?
72
What is the remainder when 729866634 is divided by 31?
30
Calculate the remainder when 411640 is divided by 51450.
40
What is the remainder when 163672 is divided by 639?
88
What is the remainder when 253534 is divided by 63288?
382
What is the remainder when 1628505 is divided by 8662?
49
What is the remainder when 48536743 is divided by 468?
463
Calculate the remainder when 176367 is divided by 58751.
114
Calculate the remainder when 35464 is divided by 2529.
58
What is the remainder when 4257826158 is divided by 14?
12
Calculate the remainder when 30985323 is divided by 2213237.
5
What is the remainder when 39911727 is divided by 56?
23
Calculate the remainder when 1006464 is divided by 1006446.
18
What is the remainder when 2489877 is divided by 165957?
522
Calculate the remainder when 387744 is divided by 382699.
5045
What is the remainder when 2176784 is divided by 989?
984
What is the remainder when 700176 is divided by 442?
48
Calculate the remainder when 31498849 is divided by 1095.
79
What is the remainder when 1914469 is divided by 49087?
76
What is the remainder when 2489223 is divided by 631?
559
Calculate the remainder when 2103779 is divided by 525864.
323
Calculate the remainder when 18232 is divided by 14278.
3954
Calculate the remainder when 750976 is divided by 231.
226
Calculate the remainder when 36663 is divided by 1932.
1887
Calculate the remainder when 640470 is divided by 639792.
678
What is the remainder when 117294841 is divided by 100?
41
Calculate the remainder when 2473358 is divided by 237.
26
Calculate the remainder when 168183 is divided by 262.
241
What is the remainder when 914366353 is divided by 399?
397
Calculate the remainder when 201279 is divided by 1675.
279
What is the remainder when 56105 is divided by 4669?
77
What is the remainder when 365907 is divided by 4690?
87
Calculate the remainder when 4093110 is divided by 818620.
10
Calculate the remainder when 614520 is divided by 3394.
206
What is the remainder when 618324 is divided by 828?
636
Calculate the remainder when 26442303 is divided by 545.
538
What is the remainder when 32424282 is divided by 52?
46
Calculate the remainder when 2630438 is divided by 184.
158
What is the remainder when 4912768 is divided by 2207?
2193
Calculate the remainder when 3345 is divided by 1638.
69
Calculate the remainder when 973170 is divided by 991.
8
What is the remainder when 27106 is divided by 26181?
925
What is the remainder when 6759385 is divided by 91?
87
What is the remainder when 5875949 is divided by 979296?
173
What is the remainder when 113494 is divided by 381?
337
What is the remainder when 179928 is divided by 1251?
1035
What is the remainder when 5405914 is divided by 491444?
30
Calculate the remainder when 170839572 is divided by 29.
21
What is the remainder when 537677 is divided by 179207?
56
Calculate the remainder when 14188197 is divided by 20.
17
Calculate the remainder when 4988851 is divided by 831475.
1
Calculate the remainder when 5779358 is divided by 65.
13
What is the remainder when 25853210 is divided by 4324?
14
Calculate the remainder when 1703164 is divided by 194.
38
Calculate the remainder when 2094714 is divided by 41894.
14
What is the remainder when 1714903 is divided by 926?
877
What is the remainder when 3642844 is divided by 130?
114
Calculate the remainder when 79742 is divided by 988.
702
Calculate the remainder when 12051428 is divided by 122.
24
Calculate the remainder when 1289892 is divided by 107487.
48
What is the remainder when 203585 is divided by 28802?
1971
What is the remainder when 31400953 is divided by 51?
49
Calculate the remainder when 15434 is divided by 4961.
551
What is the remainder when 1529873 is divided by 220?
213
What is the remainder when 110744 is divided by 13836?
56
What is the remainder when 2221294 is divided by 123405?
4
Calculate the remainder when 929037 is divided by 54566.
1415
Calculate the remainder when 672056 is divided by 1222.
1178
Calculate the remainder when 1230294 is divided by 368.
70
What is the remainder when 281182 is divided by 14046?
262
Calculate the remainder when 57104 is divided by 57036.
68
What is the remainder when 4144470 is divided by 1036114?
14
Calculate the remainder when 141015 is divided by 140558.
457
Calculate the remainder when 862103 is divided by 39186.
11
Calculate the remainder when 107713 is divided by 38.
21
Calculate the remainder when 347054 is divided by 212.
10
Calculate the remainder when 85808238 is divided by 347.
343
What is the remainder when 520621 is divided by 221?
166
Calculate the remainder when 32704793 is divided by 2752.
25
Calculate the remainder when 21935 is divided by 1803.
299
What is the remainder when 31174 is divided by 5155?
244
Calculate the remainder when 81391418 is divided by 2900.
18
What is the remainder when 7765346 is divided by 2260?
2246
Calculate the remainder when 752718 is divided by 1144.
1110
Calculate the remainder when 12672464 is divided by 1274.
1260
What is the remainder when 99006 is divided by 49373?
260
What is the remainder when 1782894 is divided by 445721?
10
What is the remainder when 603064 is divided by 150764?
8
What is the remainder when 3385730 is divided by 698?
430
Calculate the remainder when 265942 is divided by 22098.
766
What is the remainder when 52855760 is divided by 21?
20
Calculate the remainder when 60144 is divided by 1606.
722
What is the remainder when 34251388 is divided by 131?
128
Calculate the remainder when 1115986 is divided by 557973.
40
Calculate the remainder when 1